NOAA-Style Climate Reports

Select a Year or Month report
2018: Jan Feb Mar Apr May Jun Jul Aug Sep Oct Nov Dec
2017: Jan Feb Mar Apr May Jun Jul Aug Sep Oct Nov Dec
2016: Jan Feb Mar Apr May Jun Jul Aug Sep Oct Nov Dec
2015: Jan Feb Mar Apr May Jun Jul Aug Sep Oct Nov Dec
2014: Jan Feb Mar Apr May Jun Jul Aug Sep Oct Nov Dec
2013: Jan Feb Mar Apr May Jun Jul Aug Sep Oct Nov Dec
2012: Jan Feb Mar Apr May Jun Jul Aug Sep Oct Nov Dec
2011: Jan Feb Mar Apr May Jun Jul Aug Sep Oct Nov Dec
2010: Jan Feb Mar Apr May Jun Jul Aug Sep Oct Nov Dec
2009: Jan Feb Mar Apr May Jun Jul Aug Sep Oct Nov Dec
2008: Jan Feb Mar Apr May Jun Jul Aug Sep Oct Nov Dec
2007: Jan Feb Mar Apr May Jun Jul Aug Sep Oct Nov Dec
2006: Jan Feb Mar Apr May Jun Jul Aug Sep Oct Nov Dec

Report for 2018 August
                   Monthly Climatological Summary for Aug 2018

Name: Ponywagon Weather   City: Atascadero   State: California
Elevation: 999 ft  Lat: N 35° 26' 00"   Lon: W 120° 37' 53"

                  Temperature (°F), Rain (in), Wind Speed (mph)

                                      Heat  Cool        Avg
    Mean                              Deg   Deg         Wind                 Dom
Day Temp  High   Time   Low    Time   Days  Days  Rain  Speed High   Time    Dir
----------------------------------------------------------------------------------
 1  78.4  99.0   13:49  58.8   06:34   0.8  14.2  0.00   2.6  17.0   15:23     W
 2  77.6 100.4   14:10  60.1   06:48   0.6  13.2  0.00   3.2  23.0   16:35   WNW
 3  75.9 102.5   14:31  51.7   06:21   2.7  13.6  0.00   3.0  21.0   16:35   WNW
 4  79.8 103.2   14:23  54.4   06:49   1.7  16.5  0.00   3.2  18.0   18:53   WNW
 5  77.4  98.3   15:25  54.3   06:37   1.5  13.9  0.00   3.7  15.0   14:21   WNW
 6  78.7 101.1   16:12  53.4   06:29   1.5  15.2  0.00   3.5  18.0   16:38    NW
 7  78.4 102.8   16:19  54.4   06:49   1.6  14.9  0.00   3.0  15.0   15:18    NW
 8  75.3  98.8   14:53  53.9   06:04   2.1  12.4  0.00   2.9  18.0   15:19     W
 9  75.5 101.3   13:40  52.0   06:19   3.1  13.6  0.00   2.7  17.0   16:16   WSW
10  76.5  96.6   13:43  59.6   04:02   0.9  12.5  0.00   3.9  19.0   14:56   SSE
11  74.2  95.1   13:40  55.1   06:36   2.0  11.3  0.00   3.2  19.0   17:39     W
12  74.0  93.8   14:37  56.3   07:10   1.7  10.7  0.00   2.9  16.0   11:10   SSE
13  71.6  92.1   15:34  54.6   06:28   2.6   9.3  0.00   2.3  18.0   13:37   WSW
14  70.2  89.2   14:36  52.8   06:17   3.2   8.5  0.00   2.7  18.0   15:52   WNW
15  70.8  92.3   14:29  53.8   05:49   3.0   8.8  0.00   2.3  15.0   15:16     W
16  74.3  95.1   15:45  55.5   06:40   2.0  11.3  0.00   2.3  17.0   15:46   WSW
17  75.5  98.1   13:23  57.6   06:29   1.2  11.7  0.00   3.1  20.0   16:07     W
18  76.8  98.0   12:38  59.2   06:27   0.9  12.8  0.00   3.1  24.0   16:29     W
19  76.4 100.4   12:57  53.6   06:45   2.2  13.6  0.00   3.2  20.0   15:16     W
20  68.3  85.9   15:27  51.9   06:55   3.4   6.6  0.00   3.6  20.0   12:44   SSE
----------------------------------------------------------------------------------
    75.3 103.2     4    51.7     3    38.7 244.6  0.00   3.0  24.0    18       W

Max >=  80.0: 20
Max <=  32.0:  0
Min <=  32.0:  0
Min <=   0.0:  0
Max Rain: 0.00 on day 0
Days of Rain: 0 (>= 0.01 in)  0 (>= 0.10 in)  0 (>= 1.00 in)
Heat Base: 65.0  Cool Base: 65.0  Method: Integration