NOAA-Style Climate Reports

Select a Year or Month report
2019: Jan Feb Mar Apr May Jun Jul Aug Sep Oct Nov Dec
2018: Jan Feb Mar Apr May Jun Jul Aug Sep Oct Nov Dec
2017: Jan Feb Mar Apr May Jun Jul Aug Sep Oct Nov Dec
2016: Jan Feb Mar Apr May Jun Jul Aug Sep Oct Nov Dec
2015: Jan Feb Mar Apr May Jun Jul Aug Sep Oct Nov Dec
2014: Jan Feb Mar Apr May Jun Jul Aug Sep Oct Nov Dec
2013: Jan Feb Mar Apr May Jun Jul Aug Sep Oct Nov Dec
2012: Jan Feb Mar Apr May Jun Jul Aug Sep Oct Nov Dec
2011: Jan Feb Mar Apr May Jun Jul Aug Sep Oct Nov Dec
2010: Jan Feb Mar Apr May Jun Jul Aug Sep Oct Nov Dec
2009: Jan Feb Mar Apr May Jun Jul Aug Sep Oct Nov Dec
2008: Jan Feb Mar Apr May Jun Jul Aug Sep Oct Nov Dec
2007: Jan Feb Mar Apr May Jun Jul Aug Sep Oct Nov Dec
2006: Jan Feb Mar Apr May Jun Jul Aug Sep Oct Nov Dec

Report for 2019 May
                   Monthly Climatological Summary for May 2019

Name: Ponywagon Weather   City: Atascadero   State: California
Elevation: 999 ft  Lat: N 35° 26' 00"   Lon: W 120° 37' 53"

                  Temperature (°F), Rain (in), Wind Speed (mph)

                                      Heat  Cool        Avg
    Mean                              Deg   Deg         Wind                 Dom
Day Temp  High   Time   Low    Time   Days  Days  Rain  Speed High   Time    Dir
----------------------------------------------------------------------------------
 1  55.7  74.1   15:24  41.9   01:42  10.7   1.4  0.00   3.1  21.0   16:57     W
 2  58.6  76.6   13:31  40.6   06:34   9.2   2.8  0.00   3.5  21.0   16:44     W
 3  59.5  80.8   13:26  38.9   06:39   9.5   4.0  0.00   3.0  20.0   14:27     W
 4  55.8  76.0   12:41  38.3   06:35  11.7   2.5  0.00   2.7  16.0   19:15     W
 5  50.7  62.0   14:59  36.5   06:19  14.3   0.0  0.04   3.2  18.0   13:51     W
 6  53.0  61.1   15:10  47.0   23:57  12.0   0.0  0.06   2.6  17.0   12:35   WSW
 7  55.0  68.9   12:47  46.9   00:02  10.1   0.1  0.00   3.3  21.0   13:47   WSW
 8  56.8  70.3   14:19  46.7   00:27   9.0   0.8  0.00   3.3  16.0   14:30     W
 9  56.3  61.0   14:05  52.4   01:50   8.7   0.0  0.00   4.0  15.0   15:36     S
10  58.1  68.4   16:33  50.3   23:47   7.1   0.2  0.00   2.0  15.0   18:01   WSW
11  61.7  80.5   14:34  46.9   02:34   7.0   3.7  0.00   3.1  23.0   17:06     W
12  61.5  81.2   15:57  44.2   05:24   7.8   4.3  0.00   3.1  19.0   13:55   WNW
13  62.1  81.8   14:02  45.3   06:24   7.2   4.3  0.00   3.5  19.0   15:56   WNW
14  59.4  77.8   13:46  44.2   05:28   8.3   2.7  0.00   2.7  20.0   14:31     W
15  56.6  66.3   14:26  48.7   02:17   8.4   0.0  0.02   4.8  24.0   23:56   SSE
16  55.0  60.9   14:59  45.6   23:56  10.0   0.0  0.32   7.8  33.0   01:44   WSW
17  52.5  66.5   14:32  37.9   06:07  12.6   0.0  0.00   4.0  22.0   14:54   WNW
18  50.5  65.8   10:47  39.7   06:12  14.5   0.0  0.32   3.5  24.0   23:29   SSE
19  52.9  57.8   16:31  48.7   22:13  12.1   0.0  0.35   5.5  23.0   01:36    SW
20  53.9  65.0   16:05  44.5   05:54  11.1   0.0  0.02   3.2  25.0   18:15     W
21  53.0  62.3   15:39  44.9   02:24  12.0   0.0  0.03   3.5  19.0   17:40     W
----------------------------------------------------------------------------------
    56.1  81.8    13    36.5     5   213.3  26.8  1.16   3.6  33.0    16     WSW

Max >=  80.0:  4
Max <=  32.0:  0
Min <=  32.0:  0
Min <=   0.0:  0
Max Rain: 0.35 on day 19
Days of Rain: 8 (>= 0.01 in)  3 (>= 0.10 in)  0 (>= 1.00 in)
Heat Base: 65.0  Cool Base: 65.0  Method: Integration