NOAA-Style Climate Reports

Select a Year or Month report
2018: Jan Feb Mar Apr May Jun Jul Aug Sep Oct Nov Dec
2017: Jan Feb Mar Apr May Jun Jul Aug Sep Oct Nov Dec
2016: Jan Feb Mar Apr May Jun Jul Aug Sep Oct Nov Dec
2015: Jan Feb Mar Apr May Jun Jul Aug Sep Oct Nov Dec
2014: Jan Feb Mar Apr May Jun Jul Aug Sep Oct Nov Dec
2013: Jan Feb Mar Apr May Jun Jul Aug Sep Oct Nov Dec
2012: Jan Feb Mar Apr May Jun Jul Aug Sep Oct Nov Dec
2011: Jan Feb Mar Apr May Jun Jul Aug Sep Oct Nov Dec
2010: Jan Feb Mar Apr May Jun Jul Aug Sep Oct Nov Dec
2009: Jan Feb Mar Apr May Jun Jul Aug Sep Oct Nov Dec
2008: Jan Feb Mar Apr May Jun Jul Aug Sep Oct Nov Dec
2007: Jan Feb Mar Apr May Jun Jul Aug Sep Oct Nov Dec
2006: Jan Feb Mar Apr May Jun Jul Aug Sep Oct Nov Dec

Report for 2018 February
                   Monthly Climatological Summary for Feb 2018

Name: Ponywagon Weather   City: Atascadero   State: California
Elevation: 999 ft  Lat: N 35° 26' 00"   Lon: W 120° 37' 53"

                  Temperature (°F), Rain (in), Wind Speed (mph)

                                      Heat  Cool        Avg
    Mean                              Deg   Deg         Wind                 Dom
Day Temp  High   Time   Low    Time   Days  Days  Rain  Speed High   Time    Dir
----------------------------------------------------------------------------------
 1  55.0  75.0   14:27  36.1   05:44  11.6   1.7  0.00   1.7  15.0   12:59   ENE
 2  55.9  77.9   15:25  38.9   07:09  11.6   2.5  0.00   0.5  11.0   12:55    NW
 3  54.8  79.7   15:34  36.2   07:10  12.7   2.5  0.00   0.1   8.0   15:42   WNW
 4  55.0  78.9   16:13  36.2   07:17  12.6   2.6  0.00   0.1   7.0   15:49   ESE
 5  55.7  80.3   15:42  36.4   06:58  12.3   3.1  0.00   0.6  12.0   12:38   NNW
 6  54.6  76.1   14:58  37.2   07:01  12.7   2.3  0.00   1.3  18.0   12:59   ENE
 7  54.5  81.3   14:34  35.1   06:52  13.4   2.9  0.00   0.6  13.0   16:28   WNW
 8  55.0  81.1   14:23  34.7   06:42  13.1   3.1  0.00   0.1  10.0   12:26    NW
 9  55.9  80.5   15:17  36.7   06:00  12.5   3.5  0.00   0.1  11.0   13:02   NNW
10  54.5  77.3   15:18  36.0   07:16  12.6   2.1  0.00   0.0  13.0   18:01   NNW
11  48.3  68.6   13:14  32.3   07:16  16.8   0.2  0.00   0.4  17.0   15:19   WSW
12  43.2  55.9   12:34  30.9   06:01  21.8   0.0  0.08   0.1  15.0   13:35     S
13  42.8  57.5   14:21  31.6   03:00  22.2   0.0  0.00   0.0  10.0   15:01   WNW
14  48.3  67.0   16:18  35.3   06:48  16.8   0.1  0.00   0.0  13.0   14:35   NNE
15  46.6  63.6   14:56  31.8   05:27  18.3   0.0  0.00   0.1  14.0   11:22    NE
16  47.4  69.7   14:13  26.9   06:31  18.3   0.6  0.00   0.0  12.0   16:12   ENE
----------------------------------------------------------------------------------
    51.7  81.3     7    26.9    16   239.3  27.2  0.08   0.4  18.0     6     NNE

Max >=  80.0:  4
Max <=  32.0:  0
Min <=  32.0:  4
Min <=   0.0:  0
Max Rain: 0.08 on day 12
Days of Rain: 1 (>= 0.01 in)  0 (>= 0.10 in)  0 (>= 1.00 in)
Heat Base: 65.0  Cool Base: 65.0  Method: Integration