NOAA-Style Climate Reports
Select a Year or Month report
2024: Jan Feb Mar Apr May Jun Jul Aug Sep Oct Nov Dec
2023: Jan Feb Mar Apr May Jun Jul Aug Sep Oct Nov Dec
2022: Jan Feb Mar Apr May Jun Jul Aug Sep Oct Nov Dec
2021: Jan Feb Mar Apr May Jun Jul Aug Sep Oct Nov Dec
2020: Jan Feb Mar Apr May Jun Jul Aug Sep Oct Nov Dec
2019: Jan Feb Mar Apr May Jun Jul Aug Sep Oct Nov Dec
2018: Jan Feb Mar Apr May Jun Jul Aug Sep Oct Nov Dec
2017: Jan Feb Mar Apr May Jun Jul Aug Sep Oct Nov Dec
2016: Jan Feb Mar Apr May Jun Jul Aug Sep Oct Nov Dec
2015: Jan Feb Mar Apr May Jun Jul Aug Sep Oct Nov Dec
2014: Jan Feb Mar Apr May Jun Jul Aug Sep Oct Nov Dec
2013: Jan Feb Mar Apr May Jun Jul Aug Sep Oct Nov Dec
2012: Jan Feb Mar Apr May Jun Jul Aug Sep Oct Nov Dec
2011: Jan Feb Mar Apr May Jun Jul Aug Sep Oct Nov Dec
2010: Jan Feb Mar Apr May Jun Jul Aug Sep Oct Nov Dec
2009: Jan Feb Mar Apr May Jun Jul Aug Sep Oct Nov Dec
2008: Jan Feb Mar Apr May Jun Jul Aug Sep Oct Nov Dec
2007: Jan Feb Mar Apr May Jun Jul Aug Sep Oct Nov Dec
2006: Jan Feb Mar Apr May Jun Jul Aug Sep Oct Nov Dec
2024: Jan Feb Mar Apr May Jun Jul Aug Sep Oct Nov Dec
2023: Jan Feb Mar Apr May Jun Jul Aug Sep Oct Nov Dec
2022: Jan Feb Mar Apr May Jun Jul Aug Sep Oct Nov Dec
2021: Jan Feb Mar Apr May Jun Jul Aug Sep Oct Nov Dec
2020: Jan Feb Mar Apr May Jun Jul Aug Sep Oct Nov Dec
2019: Jan Feb Mar Apr May Jun Jul Aug Sep Oct Nov Dec
2018: Jan Feb Mar Apr May Jun Jul Aug Sep Oct Nov Dec
2017: Jan Feb Mar Apr May Jun Jul Aug Sep Oct Nov Dec
2016: Jan Feb Mar Apr May Jun Jul Aug Sep Oct Nov Dec
2015: Jan Feb Mar Apr May Jun Jul Aug Sep Oct Nov Dec
2014: Jan Feb Mar Apr May Jun Jul Aug Sep Oct Nov Dec
2013: Jan Feb Mar Apr May Jun Jul Aug Sep Oct Nov Dec
2012: Jan Feb Mar Apr May Jun Jul Aug Sep Oct Nov Dec
2011: Jan Feb Mar Apr May Jun Jul Aug Sep Oct Nov Dec
2010: Jan Feb Mar Apr May Jun Jul Aug Sep Oct Nov Dec
2009: Jan Feb Mar Apr May Jun Jul Aug Sep Oct Nov Dec
2008: Jan Feb Mar Apr May Jun Jul Aug Sep Oct Nov Dec
2007: Jan Feb Mar Apr May Jun Jul Aug Sep Oct Nov Dec
2006: Jan Feb Mar Apr May Jun Jul Aug Sep Oct Nov Dec
Report for 2013
Annual Climatological Summary for 2013 Name: Ponywagon Weather City: Atascadero State: California Elevation: 999 ft Lat: N 35° 26' 00" Lon: W 120° 37' 53" Temperature (°F), Heat Base: 65.0 Cool Base: 65.0 Dep. Heat Cool Max Max Min Min Mean Mean From Deg Deg >= <= <= <= YR MO Max Min Mean Norm Days Days Hi Date Low Date 80.0 32.0 32.0 0.0 ------------------------------------------------------------------------------------ 13 1 13 2 13 3 13 4 13 5 13 6 102.8 76.4 89.5 0.0 0 5 102.8 30 76.4 30 1 0 0 0 13 7 91.9 52.8 70.8 0.0 102 280 106.7 9 43.7 16 31 0 0 0 13 8 91.3 50.6 69.0 0.0 131 254 102.0 14 41.8 4 28 0 0 0 13 9 87.9 50.5 67.5 0.0 134 209 99.4 9 36.8 27 25 0 0 0 13 10 79.0 39.4 57.3 0.0 337 101 90.0 6 35.7 30 17 0 0 0 13 11 71.0 36.4 51.5 0.0 434 30 82.0 1 29.2 5 3 0 6 0 13 12 64.5 27.4 43.4 0.0 678 11 76.6 2 14.3 6 0 0 25 0 ------------------------------------------------------------------------------------ 84.0 47.6 64.1 0.0 1819 893 106.7 Jul 14.3 Dec 105 0 31 0 Precipitation (in) Dep. Max Days of Rain From Obs. >= YR MO Total Norm Day Date 0.01 0.10 1.00 --------------------------------------------- 13 1 13 2 13 3 13 4 13 5 13 6 0.00 0.0 0.00 0 0 0 0 13 7 0.01 0.0 0.01 22 1 0 0 13 8 0.00 0.0 0.00 0 0 0 0 13 9 0.00 0.0 0.00 0 0 0 0 13 10 0.02 0.0 0.01 9 2 0 0 13 11 0.11 0.0 0.06 21 2 0 0 13 12 0.49 0.0 0.47 7 3 1 0 --------------------------------------------- 0.63 0.0 0.47 Dec 8 1 0 Wind Speed (mph) Dom YR MO Avg. Hi Date Dir ------------------------------ 13 1 13 2 13 3 13 4 13 5 13 6 3.4 15.0 30 NW 13 7 3.0 24.0 4 W 13 8 3.1 26.0 11 WNW 13 9 3.0 24.0 9 WNW 13 10 2.5 26.0 27 WNW 13 11 1.9 23.0 27 NW 13 12 1.8 27.0 7 NW ------------------------------ 2.7 27.0 Dec WNW