NOAA-Style Climate Reports
Select a Year or Month report
2024: Jan Feb Mar Apr May Jun Jul Aug Sep Oct Nov Dec
2023: Jan Feb Mar Apr May Jun Jul Aug Sep Oct Nov Dec
2022: Jan Feb Mar Apr May Jun Jul Aug Sep Oct Nov Dec
2021: Jan Feb Mar Apr May Jun Jul Aug Sep Oct Nov Dec
2020: Jan Feb Mar Apr May Jun Jul Aug Sep Oct Nov Dec
2019: Jan Feb Mar Apr May Jun Jul Aug Sep Oct Nov Dec
2018: Jan Feb Mar Apr May Jun Jul Aug Sep Oct Nov Dec
2017: Jan Feb Mar Apr May Jun Jul Aug Sep Oct Nov Dec
2016: Jan Feb Mar Apr May Jun Jul Aug Sep Oct Nov Dec
2015: Jan Feb Mar Apr May Jun Jul Aug Sep Oct Nov Dec
2014: Jan Feb Mar Apr May Jun Jul Aug Sep Oct Nov Dec
2013: Jan Feb Mar Apr May Jun Jul Aug Sep Oct Nov Dec
2012: Jan Feb Mar Apr May Jun Jul Aug Sep Oct Nov Dec
2011: Jan Feb Mar Apr May Jun Jul Aug Sep Oct Nov Dec
2010: Jan Feb Mar Apr May Jun Jul Aug Sep Oct Nov Dec
2009: Jan Feb Mar Apr May Jun Jul Aug Sep Oct Nov Dec
2008: Jan Feb Mar Apr May Jun Jul Aug Sep Oct Nov Dec
2007: Jan Feb Mar Apr May Jun Jul Aug Sep Oct Nov Dec
2006: Jan Feb Mar Apr May Jun Jul Aug Sep Oct Nov Dec
2024: Jan Feb Mar Apr May Jun Jul Aug Sep Oct Nov Dec
2023: Jan Feb Mar Apr May Jun Jul Aug Sep Oct Nov Dec
2022: Jan Feb Mar Apr May Jun Jul Aug Sep Oct Nov Dec
2021: Jan Feb Mar Apr May Jun Jul Aug Sep Oct Nov Dec
2020: Jan Feb Mar Apr May Jun Jul Aug Sep Oct Nov Dec
2019: Jan Feb Mar Apr May Jun Jul Aug Sep Oct Nov Dec
2018: Jan Feb Mar Apr May Jun Jul Aug Sep Oct Nov Dec
2017: Jan Feb Mar Apr May Jun Jul Aug Sep Oct Nov Dec
2016: Jan Feb Mar Apr May Jun Jul Aug Sep Oct Nov Dec
2015: Jan Feb Mar Apr May Jun Jul Aug Sep Oct Nov Dec
2014: Jan Feb Mar Apr May Jun Jul Aug Sep Oct Nov Dec
2013: Jan Feb Mar Apr May Jun Jul Aug Sep Oct Nov Dec
2012: Jan Feb Mar Apr May Jun Jul Aug Sep Oct Nov Dec
2011: Jan Feb Mar Apr May Jun Jul Aug Sep Oct Nov Dec
2010: Jan Feb Mar Apr May Jun Jul Aug Sep Oct Nov Dec
2009: Jan Feb Mar Apr May Jun Jul Aug Sep Oct Nov Dec
2008: Jan Feb Mar Apr May Jun Jul Aug Sep Oct Nov Dec
2007: Jan Feb Mar Apr May Jun Jul Aug Sep Oct Nov Dec
2006: Jan Feb Mar Apr May Jun Jul Aug Sep Oct Nov Dec
Report for 2014 July
Monthly Climatological Summary for Jul 2014 Name: Ponywagon Weather City: Atascadero State: California Elevation: 999 ft Lat: N 35° 26' 00" Lon: W 120° 37' 53" Temperature (°F), Rain (in), Wind Speed (mph) Heat Cool Avg Mean Deg Deg Wind Dom Day Temp High Time Low Time Days Days Rain Speed High Time Dir ---------------------------------------------------------------------------------- 1 69.3 89.2 14:38 52.3 05:42 3.6 7.8 0.00 3.4 20.0 14:18 SSE 2 67.2 85.5 12:56 50.1 06:26 4.6 6.8 0.00 3.3 20.0 13:39 SSE 3 70.9 94.1 15:00 49.7 05:55 4.4 10.3 0.00 2.6 15.0 15:26 WNW 4 73.5 93.1 15:36 52.1 06:14 2.8 11.4 0.00 3.4 23.0 13:02 SSE 5 74.9 94.7 14:16 53.6 05:48 2.4 12.3 0.00 3.3 18.0 14:47 W 6 78.3 101.3 13:44 55.9 06:28 1.6 14.8 0.00 3.5 22.0 17:25 W 7 78.6 99.1 12:33 57.9 06:01 0.9 14.5 0.00 2.8 16.0 16:32 W 8 72.9 93.1 15:18 52.5 06:21 2.5 10.4 0.00 3.3 19.0 09:40 SSE 9 68.3 87.5 15:06 52.3 06:09 3.6 6.9 0.00 3.1 20.0 12:47 SSE 10 64.7 82.1 12:50 51.0 06:05 4.8 4.5 0.00 3.1 19.0 14:24 S 11 65.1 79.3 13:42 55.1 00:47 4.0 4.2 0.00 3.4 18.0 13:42 W 12 70.7 95.9 14:54 50.7 05:27 4.2 9.9 0.00 3.3 21.0 17:17 W 13 79.7 105.0 16:50 53.9 06:22 2.0 16.7 0.00 3.4 16.0 14:33 WNW 14 75.6 94.4 14:15 64.5 06:25 0.0 10.7 0.00 1.8 16.0 13:43 SE 15 72.8 86.7 14:33 62.7 23:56 0.1 8.0 0.00 4.0 19.0 11:59 SSW 16 66.2 76.2 15:29 59.2 23:58 1.8 3.0 0.00 3.7 18.0 12:34 W 17 65.0 77.3 11:52 52.8 06:25 3.8 3.8 0.00 3.5 20.0 13:03 WSW 18 64.2 80.0 12:39 51.8 04:57 4.2 3.5 0.00 3.4 20.0 16:00 W 19 67.4 83.8 14:51 54.3 06:25 3.2 5.5 0.00 2.3 17.0 14:51 SW 20 68.0 79.5 12:27 58.6 06:35 1.3 4.4 0.00 4.2 20.0 13:07 SSW 21 67.0 77.8 13:10 57.3 03:43 2.3 4.3 0.00 3.9 20.0 13:50 WSW 22 66.6 80.4 14:53 55.6 05:47 3.0 4.6 0.00 4.0 20.0 13:16 W 23 71.1 92.4 15:45 50.6 06:35 3.7 9.8 0.00 4.1 16.0 12:36 WNW 24 76.9 98.3 15:13 59.9 05:50 0.8 12.6 0.00 3.7 20.0 17:55 WNW 25 75.0 93.8 14:32 55.5 06:30 1.4 11.4 0.00 3.0 22.0 15:41 S 26 75.3 96.5 13:13 57.4 06:29 1.3 11.6 0.00 2.5 20.0 13:28 SSE 27 75.2 98.0 12:41 56.5 05:44 1.6 11.8 0.00 2.9 21.0 17:01 SW 28 77.4 93.9 17:06 64.3 05:49 0.0 12.4 0.02 2.8 18.0 12:16 S 29 77.5 98.5 13:04 58.7 06:31 0.9 13.3 0.00 3.2 25.0 15:33 W 30 79.4 99.2 13:25 63.5 06:06 0.1 14.5 0.00 2.5 17.0 15:14 W 31 79.2 102.6 14:02 60.0 05:42 0.7 14.8 0.00 3.3 23.0 15:12 W ---------------------------------------------------------------------------------- 72.1 105.0 13 49.7 3 71.6 290.5 0.02 3.2 25.0 29 SW Max >= 80.0: 26 Max <= 32.0: 0 Min <= 32.0: 0 Min <= 0.0: 0 Max Rain: 0.02 on day 28 Days of Rain: 1 (>= 0.01 in) 0 (>= 0.10 in) 0 (>= 1.00 in) Heat Base: 65.0 Cool Base: 65.0 Method: Integration