NOAA-Style Climate Reports
Select a Year or Month report
2024: Jan Feb Mar Apr May Jun Jul Aug Sep Oct Nov Dec
2023: Jan Feb Mar Apr May Jun Jul Aug Sep Oct Nov Dec
2022: Jan Feb Mar Apr May Jun Jul Aug Sep Oct Nov Dec
2021: Jan Feb Mar Apr May Jun Jul Aug Sep Oct Nov Dec
2020: Jan Feb Mar Apr May Jun Jul Aug Sep Oct Nov Dec
2019: Jan Feb Mar Apr May Jun Jul Aug Sep Oct Nov Dec
2018: Jan Feb Mar Apr May Jun Jul Aug Sep Oct Nov Dec
2017: Jan Feb Mar Apr May Jun Jul Aug Sep Oct Nov Dec
2016: Jan Feb Mar Apr May Jun Jul Aug Sep Oct Nov Dec
2015: Jan Feb Mar Apr May Jun Jul Aug Sep Oct Nov Dec
2014: Jan Feb Mar Apr May Jun Jul Aug Sep Oct Nov Dec
2013: Jan Feb Mar Apr May Jun Jul Aug Sep Oct Nov Dec
2012: Jan Feb Mar Apr May Jun Jul Aug Sep Oct Nov Dec
2011: Jan Feb Mar Apr May Jun Jul Aug Sep Oct Nov Dec
2010: Jan Feb Mar Apr May Jun Jul Aug Sep Oct Nov Dec
2009: Jan Feb Mar Apr May Jun Jul Aug Sep Oct Nov Dec
2008: Jan Feb Mar Apr May Jun Jul Aug Sep Oct Nov Dec
2007: Jan Feb Mar Apr May Jun Jul Aug Sep Oct Nov Dec
2006: Jan Feb Mar Apr May Jun Jul Aug Sep Oct Nov Dec
2024: Jan Feb Mar Apr May Jun Jul Aug Sep Oct Nov Dec
2023: Jan Feb Mar Apr May Jun Jul Aug Sep Oct Nov Dec
2022: Jan Feb Mar Apr May Jun Jul Aug Sep Oct Nov Dec
2021: Jan Feb Mar Apr May Jun Jul Aug Sep Oct Nov Dec
2020: Jan Feb Mar Apr May Jun Jul Aug Sep Oct Nov Dec
2019: Jan Feb Mar Apr May Jun Jul Aug Sep Oct Nov Dec
2018: Jan Feb Mar Apr May Jun Jul Aug Sep Oct Nov Dec
2017: Jan Feb Mar Apr May Jun Jul Aug Sep Oct Nov Dec
2016: Jan Feb Mar Apr May Jun Jul Aug Sep Oct Nov Dec
2015: Jan Feb Mar Apr May Jun Jul Aug Sep Oct Nov Dec
2014: Jan Feb Mar Apr May Jun Jul Aug Sep Oct Nov Dec
2013: Jan Feb Mar Apr May Jun Jul Aug Sep Oct Nov Dec
2012: Jan Feb Mar Apr May Jun Jul Aug Sep Oct Nov Dec
2011: Jan Feb Mar Apr May Jun Jul Aug Sep Oct Nov Dec
2010: Jan Feb Mar Apr May Jun Jul Aug Sep Oct Nov Dec
2009: Jan Feb Mar Apr May Jun Jul Aug Sep Oct Nov Dec
2008: Jan Feb Mar Apr May Jun Jul Aug Sep Oct Nov Dec
2007: Jan Feb Mar Apr May Jun Jul Aug Sep Oct Nov Dec
2006: Jan Feb Mar Apr May Jun Jul Aug Sep Oct Nov Dec
Report for 2017 November
Monthly Climatological Summary for Nov 2017 Name: Ponywagon Weather City: Atascadero State: California Elevation: 999 ft Lat: N 35° 26' 00" Lon: W 120° 37' 53" Temperature (°F), Rain (in), Wind Speed (mph) Heat Cool Avg Mean Deg Deg Wind Dom Day Temp High Time Low Time Days Days Rain Speed High Time Dir ---------------------------------------------------------------------------------- 1 57.5 68.5 12:55 48.6 07:56 8.0 0.5 0.00 1.4 16.0 15:35 W 2 55.2 66.6 14:22 44.5 04:00 9.8 0.0 0.04 1.6 15.0 15:13 S 3 57.7 62.3 16:01 54.3 07:02 7.3 0.0 0.08 2.9 13.0 00:24 S 4 57.4 66.8 14:03 51.4 03:26 7.7 0.1 0.00 1.2 11.0 16:03 W 5 51.3 63.0 13:28 38.2 23:58 14.3 0.0 0.00 1.3 13.0 12:19 SE 6 49.9 67.5 13:55 36.5 06:10 15.2 0.1 0.00 1.3 12.0 12:27 NNW 7 50.9 74.3 14:20 34.2 06:16 15.2 1.1 0.00 1.1 13.0 15:57 SSW 8 54.2 65.9 14:32 38.4 06:17 10.8 0.0 0.00 2.7 16.0 10:37 SSE 9 58.6 67.0 12:18 48.6 21:33 6.6 0.1 0.00 2.9 15.0 12:41 S 10 56.1 68.5 14:14 45.0 23:51 9.3 0.4 0.00 1.6 14.0 16:30 NW 11 54.9 69.0 14:24 42.9 01:24 10.6 0.5 0.00 1.2 13.0 12:00 NNE 12 52.2 66.8 15:28 41.4 23:48 12.9 0.1 0.00 0.8 10.0 11:34 WNW 13 52.1 71.6 15:03 35.4 06:47 14.0 1.1 0.00 1.4 12.0 12:43 NW 14 57.0 71.3 14:54 45.3 03:07 9.0 0.9 0.00 1.6 15.0 10:37 N 15 58.2 81.4 14:03 43.8 06:21 9.1 2.4 0.00 1.2 16.0 14:53 W 16 57.6 69.3 11:04 45.8 02:03 7.8 0.4 0.02 3.3 22.0 20:53 S 17 56.2 65.2 13:17 43.2 23:32 8.8 0.0 0.04 1.6 18.0 15:10 NE 18 49.2 69.8 14:52 35.2 06:55 16.2 0.4 0.00 1.4 14.0 13:23 SW 19 46.4 69.3 15:41 30.0 06:34 19.0 0.3 0.00 0.9 9.0 12:38 NW 20 56.2 76.3 15:17 40.0 05:28 10.8 2.0 0.00 0.9 8.0 12:19 NNW 21 63.2 82.6 13:44 48.0 23:57 5.9 4.2 0.00 2.3 13.0 13:24 NW 22 60.0 87.6 14:57 40.6 06:22 9.6 4.6 0.00 0.5 8.0 12:46 NNW 23 61.3 85.2 15:01 44.2 07:02 8.1 4.4 0.00 1.4 10.0 12:01 WNW 24 61.6 77.6 12:55 47.5 03:37 6.3 3.0 0.00 1.6 16.0 12:13 ENE 25 61.0 84.9 13:46 44.9 07:20 7.4 3.4 0.00 1.0 16.0 13:16 SW 26 56.8 71.8 11:30 43.3 06:16 9.1 0.9 0.02 2.2 23.0 19:31 SSW 27 52.3 60.4 15:02 40.6 23:38 12.7 0.0 0.02 3.6 33.0 03:51 NW 28 50.5 62.1 14:28 40.6 06:46 14.5 0.0 0.00 2.7 17.0 12:21 NNE 29 52.5 66.0 13:34 37.6 23:57 12.5 0.0 0.00 2.6 18.0 13:53 NE 30 47.1 69.8 14:03 29.2 06:10 18.4 0.5 0.00 1.0 12.0 13:13 NNW ---------------------------------------------------------------------------------- 55.2 87.6 22 29.2 30 326.9 31.4 0.22 1.7 33.0 27 W Max >= 80.0: 5 Max <= 32.0: 0 Min <= 32.0: 2 Min <= 0.0: 0 Max Rain: 0.08 on day 3 Days of Rain: 6 (>= 0.01 in) 0 (>= 0.10 in) 0 (>= 1.00 in) Heat Base: 65.0 Cool Base: 65.0 Method: Integration