NOAA-Style Climate Reports
Select a Year or Month report
2024: Jan Feb Mar Apr May Jun Jul Aug Sep Oct Nov Dec
2023: Jan Feb Mar Apr May Jun Jul Aug Sep Oct Nov Dec
2022: Jan Feb Mar Apr May Jun Jul Aug Sep Oct Nov Dec
2021: Jan Feb Mar Apr May Jun Jul Aug Sep Oct Nov Dec
2020: Jan Feb Mar Apr May Jun Jul Aug Sep Oct Nov Dec
2019: Jan Feb Mar Apr May Jun Jul Aug Sep Oct Nov Dec
2018: Jan Feb Mar Apr May Jun Jul Aug Sep Oct Nov Dec
2017: Jan Feb Mar Apr May Jun Jul Aug Sep Oct Nov Dec
2016: Jan Feb Mar Apr May Jun Jul Aug Sep Oct Nov Dec
2015: Jan Feb Mar Apr May Jun Jul Aug Sep Oct Nov Dec
2014: Jan Feb Mar Apr May Jun Jul Aug Sep Oct Nov Dec
2013: Jan Feb Mar Apr May Jun Jul Aug Sep Oct Nov Dec
2012: Jan Feb Mar Apr May Jun Jul Aug Sep Oct Nov Dec
2011: Jan Feb Mar Apr May Jun Jul Aug Sep Oct Nov Dec
2010: Jan Feb Mar Apr May Jun Jul Aug Sep Oct Nov Dec
2009: Jan Feb Mar Apr May Jun Jul Aug Sep Oct Nov Dec
2008: Jan Feb Mar Apr May Jun Jul Aug Sep Oct Nov Dec
2007: Jan Feb Mar Apr May Jun Jul Aug Sep Oct Nov Dec
2006: Jan Feb Mar Apr May Jun Jul Aug Sep Oct Nov Dec
2024: Jan Feb Mar Apr May Jun Jul Aug Sep Oct Nov Dec
2023: Jan Feb Mar Apr May Jun Jul Aug Sep Oct Nov Dec
2022: Jan Feb Mar Apr May Jun Jul Aug Sep Oct Nov Dec
2021: Jan Feb Mar Apr May Jun Jul Aug Sep Oct Nov Dec
2020: Jan Feb Mar Apr May Jun Jul Aug Sep Oct Nov Dec
2019: Jan Feb Mar Apr May Jun Jul Aug Sep Oct Nov Dec
2018: Jan Feb Mar Apr May Jun Jul Aug Sep Oct Nov Dec
2017: Jan Feb Mar Apr May Jun Jul Aug Sep Oct Nov Dec
2016: Jan Feb Mar Apr May Jun Jul Aug Sep Oct Nov Dec
2015: Jan Feb Mar Apr May Jun Jul Aug Sep Oct Nov Dec
2014: Jan Feb Mar Apr May Jun Jul Aug Sep Oct Nov Dec
2013: Jan Feb Mar Apr May Jun Jul Aug Sep Oct Nov Dec
2012: Jan Feb Mar Apr May Jun Jul Aug Sep Oct Nov Dec
2011: Jan Feb Mar Apr May Jun Jul Aug Sep Oct Nov Dec
2010: Jan Feb Mar Apr May Jun Jul Aug Sep Oct Nov Dec
2009: Jan Feb Mar Apr May Jun Jul Aug Sep Oct Nov Dec
2008: Jan Feb Mar Apr May Jun Jul Aug Sep Oct Nov Dec
2007: Jan Feb Mar Apr May Jun Jul Aug Sep Oct Nov Dec
2006: Jan Feb Mar Apr May Jun Jul Aug Sep Oct Nov Dec
Report for 2020 April
Monthly Climatological Summary for Apr 2020 Name: Ponywagon Weather City: Atascadero State: California Elevation: 999 ft Lat: N 35° 26' 00" Lon: W 120° 37' 53" Temperature (°F), Rain (in), Wind Speed (mph) Heat Cool Avg Mean Deg Deg Wind Dom Day Temp High Time Low Time Days Days Rain Speed High Time Dir ---------------------------------------------------------------------------------- 1 56.1 72.1 16:07 44.4 23:59 9.8 0.9 0.00 2.9 18.0 16:31 NNW 2 50.3 66.6 15:22 34.9 07:20 14.7 0.1 0.00 3.0 17.0 16:21 NW 3 50.3 69.1 15:54 34.3 06:52 15.0 0.3 0.00 2.1 17.0 15:53 NW 4 49.3 62.0 13:24 36.9 04:19 15.7 0.0 0.00 2.8 23.0 16:21 W 5 50.1 52.0 12:36 46.1 23:47 14.9 0.0 1.47 8.8 36.0 18:31 S 6 48.3 56.9 14:32 38.4 23:59 16.7 0.0 0.08 2.9 21.0 16:24 W 7 45.3 60.3 16:12 33.5 03:30 19.7 0.0 0.27 1.9 14.0 16:19 W 8 48.0 54.8 13:36 41.8 03:42 17.0 0.0 0.02 2.2 15.0 13:26 SSW 9 48.7 54.5 17:43 43.7 23:57 16.3 0.0 0.28 2.6 20.0 03:22 S 10 53.1 66.6 15:23 42.5 02:01 11.9 0.0 0.01 2.4 21.0 16:32 WNW 11 53.0 68.2 14:17 42.5 04:35 12.1 0.3 0.00 1.9 17.0 16:47 WNW 12 50.8 55.9 14:15 44.9 01:38 14.2 0.0 0.00 2.3 15.0 11:26 SW 13 53.3 63.0 15:41 45.2 23:49 11.7 0.0 0.00 2.1 17.0 16:12 WNW 14 56.0 75.6 17:01 40.2 04:52 11.3 2.4 0.01 1.7 14.0 14:38 NNW 15 57.8 79.8 15:13 38.1 06:35 10.5 3.3 0.00 2.1 18.0 16:32 WNW 16 53.9 69.0 13:25 39.0 06:11 11.5 0.5 0.00 2.1 17.0 15:00 SSW 17 54.5 64.4 12:08 45.4 23:48 10.5 0.0 0.00 3.1 22.0 14:34 WSW 18 51.7 59.8 14:29 43.3 23:54 13.3 0.0 0.00 2.1 15.0 16:29 WNW 19 51.5 66.4 14:00 38.2 05:14 13.6 0.0 0.00 2.6 20.0 14:11 W 20 53.6 64.7 15:16 45.1 01:51 11.4 0.0 0.01 3.2 20.0 16:14 W 21 57.3 74.2 16:51 43.6 06:55 9.1 1.4 0.00 2.5 14.0 15:29 NNW 22 62.8 82.2 16:23 44.8 06:05 7.1 4.9 0.00 3.5 20.0 19:33 NNW 23 67.9 83.8 15:40 52.8 06:22 3.1 6.0 0.00 4.0 19.0 15:43 NNW 24 68.3 88.1 17:01 48.0 06:55 4.3 7.6 0.00 2.4 16.0 10:31 N 25 70.4 91.5 17:23 47.3 06:33 4.2 9.7 0.00 2.3 14.0 13:02 NNW 26 67.3 87.2 16:43 50.9 06:42 4.1 6.4 0.00 2.4 18.0 13:33 NNW 27 65.2 85.0 15:56 43.3 06:28 6.0 6.3 0.00 3.1 17.0 19:17 NNW 28 71.6 91.1 16:29 54.4 06:13 2.9 9.5 0.00 2.1 14.0 12:14 N 29 68.6 86.8 15:06 52.2 06:04 3.2 6.8 0.00 1.9 13.0 15:07 NW 30 66.5 86.5 15:32 50.2 05:29 4.8 6.3 0.00 3.6 21.0 15:06 NNW ---------------------------------------------------------------------------------- 56.7 91.5 25 33.5 7 320.6 72.7 2.15 2.7 36.0 5 WNW Max >= 80.0: 9 Max <= 32.0: 0 Min <= 32.0: 0 Min <= 0.0: 0 Max Rain: 1.47 on day 5 Days of Rain: 8 (>= 0.01 in) 3 (>= 0.10 in) 1 (>= 1.00 in) Heat Base: 65.0 Cool Base: 65.0 Method: Integration